2 = 10. Determine b(r).
9
Let i(c) = -59*c - 1355. Let s be i(-23). Let d(j) be the second derivative of 0 + 1/3*j**3 + 2*j**s - 21*j. Calculate d(-9).
-14
Let z(c) = c**3 + 12*c**2 + 36*c + 33. Let r be z(-8). Let d(t) = 28*t - 2. What is d(r)?
26
Suppose 0 = 2*g, -5*l = 18*g - 20*g - 5. Let d(t) = -2*t**2 - t - 1. Let b(m) = -8*m**3 + 9*m**2 + 6*m + 5. Let k(u) = l*b(u) + 4*d(u). Calculate k(-1).
8
Let u = 56 + -63. Let j(a) = -3*a + 3. Let q(f) = f. Let v(g) = -13*g + 5. Let y(t) = 5*q(t) + v(t). Let w(d) = 5*j(d) - 2*y(d). Calculate w(u).
-2
Let m(j) be the first derivative of 27*j**2/2 - 61*j + 1803. Give m(2).
-7
Let r(q) = -10*q**2 - 50 + 169 - q**3 - 49 - 24 - 52 + 10*q. Let a = -28 + 17. What is r(a)?
5
Let c be 0 + 1 + (-6 - -6). Let j(r) be the second derivative of -4*r**4 + r**2/2 + 41*r + 10. Calculate j(c).
-47
Let k(c) = -7*c**3 + c. Let u be 2*(4 + -3*1/3). Suppose u*s + 319 - 313 = 0. Determine k(s).
6
Let p(y) = y**3 - 8*y**2 - 9*y - 4. Let f(j) = 2*j**2 + 3*j - 2. Let g be f(-5). Let z = g - 69. Let l be (z + 6)/(-3) - (0 - -1). Give p(l).
-4
Let t be 87/(-9) - (-52)/78. Let l(c) = c**3 + 11*c**2 + 20*c - 9. What is l(t)?
-27
Let h(j) = j**2 + 18*j - 171. Let z be h(7). Let t(v) = v**2 - 6*v + 5. What is t(z)?
-3
Let g(j) = 19*j + 3. Let s be g(0). Let y(w) = -4*w**2 + 5 - 2*w + 8*w**3 - 13*w**s - 11 + 4*w**3. Give y(-4).
2
Suppose -3*l + 6*l - 15 = 0. Suppose 3*n - 642 = i, 1070 = -0*n + 5*n - l*i. Let c(o) = 6 + 213*o + 1 - n*o. What is c(0)?
7
Let g(t) = -278*t + 503*t - 1 - t**3 - 215*t + 7*t**2. Give g(6).
95
Let i be 4 + (-56)/(-14) + -3. Let m(o) = -o - 7. Give m(i).
-12
Let g(q) = 13 + 80*q + 0 - 164*q + 80*q. Determine g(2).
5
Let o(h) = 2*h**3 + h**2 - 2*h + 1. Let d(j) = -4*j**3 + 37*j**2 + 44*j - 40. Let i(p) = -d(p) - o(p). Determine i(20).
-1
Let y(f) be the third derivative of f**6/120 + f**5/12 + 2*f**3/3 + 1170*f**2. Determine y(-5).
4
Let v(a) = -164*a - 6. Let f be v(-1). Let l be (-24)/(-132) - f/22*1. Let i(d) = 3*d + 13. Calculate i(l).
-8
Suppose 0*v + 4*v - 12 = 0. Let o(c) be the second derivative of 2*c**3/3 - 9*c**2/2 + c - 3. What is o(v)?
3
Let l(p) be the first derivative of 1/3*p**3 + 90 - 6*p**2 + 15*p. Calculate l(10).
-5
Let h(q) be the first derivative of 1/3*q**3 + 2*q - 3 + q**2. Let f = 12535 - 12538. Calculate h(f).
5
Let d(p) = p - 3. Suppose -18*b = -13*b - 15. Suppose 3*h = -b*h + 240. Suppose w = -u + 6, 0*w + h = 4*u - 4*w. Give d(u).
5
Let y(n) = -4*n - 7. Let k = -48 + 174. Let b be 64/(-11) + (k/33 - 4). Calculate y(b).
17
Let n be (-1)/3*-6*(-1)/(-1). Suppose 4*t - n*t - 12 = 0. Suppose 3*g + t = 9. Let j(z) = z**3 + 1. Give j(g).
2
Let p(f) be the third derivative of f**5/30 + f**4/8 - 2*f**3/3 - 5*f**2 - 2. Let u = 37 + -33. Let r be -2*(36/(-30))/(u/(-5)). Calculate p(r).
5
Suppose 2*m + 2*u = 2, -2 = m - 3*m + 5*u. Let i(q) = -q**3 - q**2 + q - 1. Let s(g) = 16*g**3 + 5*g**2 - 4*g + 3. Let l(z) = m*s(z) + 4*i(z). Determine l(-1).
-12
Let k(q) = -q**2 - q. Let p(o) = 2*o**2 - 13*o + 10. Let m be p(6). Suppose 3*r + 2*y = m*y + 5, 3*y = -3*r - 15. Calculate k(r).
0
Suppose 0 = -3*f - 2*f + 300. Suppose -2*i + f = 6. Let r(m) = -i*m + 31*m + 2 - 1. Determine r(-3).
-11
Suppose i + 15 = 6*i. Let k(z) be the first derivative of -3*z - 5/3*z**3 + 5/2*z**2 + 16 + 1/4*z**4. Determine k(i).
-6
Let a(m) = -m**2 - 11*m + 4. Suppose 2*d + 4*p = -2 - 8, 5*d - 50 = 5*p. Let y(l) = 8*l - 49. Let j be y(d). Determine a(j).
22
Let k(x) = -5 - 7*x**2 + 15*x**3 - 40*x**3 + 26*x**3. Let z(y) = 3*y. Let o be z(3). Suppose -14 = o*w - 11*w. Calculate k(w).
-5
Let i(n) = -2*n - 12. Let z(r) = 1 + 2 - 2 + 1. Let a(w) = -i(w) - 2*z(w). Determine a(6).
20
Let n be 10*(2/(-7) - (-88)/112). Suppose 106 + 184 = n*w. Let g = w + -55. Let l(r) = -r**3 + 5*r**2 - 2*r - 1. Determine l(g).
11
Suppose -2*r + 3*r + 1 = 0. Let y(t) be the second derivative of -7*t**5/20 + t**4/12 + t**3/6 + 7673*t. Give y(r).
7
Let p(q) be the second derivative of -q**4/4 + 83*q**3/6 + 7*q**2 + 1103*q. What is p(28)?
-14
Let o(v) be the first derivative of v**3/6 - 9*v**2 - 230*v + 170. Let a(x) be the first derivative of o(x). What is a(0)?
-18
Suppose -4*m + 17 - 9 = 0. Let j(a) = -5*a**2 + 4*a**2 + 0*a**m - 5*a. Let c = 49 - 54. Give j(c).
0
Let t(n) = 12*n**2 + 7*n + 6. Let g(l) = -l**2 - l - 1. Let b(p) = -4*g(p) - t(p). Let o be b(-1). Let a = o - -11. Let u(y) = -3*y + 3. Determine u(a).
-9
Let d(c) = 51*c + 547. Let l be d(-11). Let a(t) = -4*t - 54. What is a(l)?
2
Suppose 0 = 70*j - 658 + 448. Let q(r) be the first derivative of 2*r**j + 6 + 0*r**2 + 8*r - 1/4*r**4. Determine q(6).
8
Let y(a) = -3*a**2 - a**3 - 1019*a - 8 + a**2 - 7*a**2 + 1029*a. Calculate y(-10).
-8
Let n(u) = 4*u. Let f(k) = k**2 - 15*k - 29. Let g be f(17). Suppose h + 0*h - 7 = -g*o, -21 = -h + 2*o. Suppose -21*q - 16 = -h*q. What is n(q)?
-16
Let i(j) = -6*j. Let c(o) = -4 - 9 + o**3 - 13*o + 11*o - 4 - 4*o**2. Let q be c(5). What is i(q)?
12
Let i(c) be the third derivative of -c**5/60 + 5*c**4/12 - 31*c**3/6 - 24*c**2 - 55*c. Determine i(6).
-7
Suppose 4*v - 40 = -32. Let u(d) = v + 0*d + d**2 + d + d**2. Let p be u(-1). Let x(n) = -n + 4. What is x(p)?
1
Let x = -1 - -3. Let i be (36/(-60))/(10/(-50)). Let q(o) = 4 + 140*o**2 + 6*o - x*o**3 + o**i - 143*o**2. Determine q(-4).
-4
Suppose -7*v = -153 - 134. Suppose -v*m + 40*m = -2. Suppose -4*r + m - 7 = 5*o, -5*r = -5*o - 50. Let b(s) = -s**3 + 7*s**2 - 5*s - 7. Determine b(r).
18
Let x(p) = 2*p**2 + p - 2. Let m(a) = -10*a**2 + 4*a - 9. Let f = 293 - 294. Let n(b) = f*m(b) + 4*x(b). What is n(1)?
19
Let x be (-2 + -3)*1 - 2. Let l(w) be the third derivative of w**5/60 + 7*w**4/24 - 2*w**3/3 + 1090*w**2 - w. Calculate l(x).
-4
Let i(g) = -2 - 54535*g**3 - 5*g - 6*g**2 + 109074*g**3 - 54538*g**3. What is i(6)?
-32
Let n(t) = 7*t**2 + 68*t - 15. Let j(z) = -10*z**2 - 96*z + 23. Let h(u) = -5*j(u) - 7*n(u). Calculate h(-8).
22
Let m(k) = 26*k**2 - 2*k - 1. Let o(u) = u**2 + 18*u + 16. Let w be o(-1). Calculate m(w).
27
Let w(o) = -o**3 - 7*o**2 - 3*o + 5. Let v be w(-6). Let u(c) be the second derivative of c**5/20 + c**4 - 13*c**3/6 - 3*c**2/2 + 112*c + 4. What is u(v)?
-3
Let k(w) = -3*w - 1242 - 2*w + 620 + 621. Suppose d + 3*v - 5 = 5*d, -5*v = -3*d - 12. Let o(m) = -m + 1. Let p(z) = d*k(z) - 6*o(z). Give p(5).
-2
Let l(r) = 26*r**2 + r + 2. Let d = -66 - -34. Let w = d - -35. Let t(i) = 27*i**2 + i + 3. Let j(n) = w*l(n) - 2*t(n). What is j(-1)?
23
Let f = -55 + 59. Let n be f/3 - (88/12)/(-2). Let q(j) = n*j**2 + 4*j**2 + 8 - 8*j**2 - 2*j**2 - 12*j. Determine q(-12).
8
Let x(t) be the first derivative of t**5/15 - t**4/24 - 50*t**3/3 + 18. Let k(j) be the third derivative of x(j). What is k(-2)?
-17
Let c(b) = b**2 + b - 1. Suppose 2*f + 219 = -203. Let k = 210 + f. What is c(k)?
-1
Let q(r) = -58 + 3*r - 16*r + 13*r - 7*r. What is q(-17)?
61
Let c(u) = 288*u**2 - 10 - 590*u**2 + 303*u**2 + 4*u. Determine c(5).
35
Let c(t) = -t - 6. Let n(x) = x**3 - 5*x**2 - 16*x + 128. Let h(l) = 14*c(l) + n(l). Calculate h(8).
-4
Let y(r) = 3*r**3 - 34*r**2 + 9*r + 15. Suppose 26 + 99 = 26*n - 161. Determine y(n).
-7
Let d(g) = -g + 12. Let f(z) = 3*z + 29. Let a be f(-9). Let r be 10/(-35) + a + (-116)/(-14). What is d(r)?
2
Let y(g) be the third derivative of -4 + 2*g**2 + 0*g + g**3 + 1/10*g**5 + 1/120*g**6 + 5/24*g**4. Determine y(-5).
6
Let c be (-8 - 1)*(0 - -1). Let l(t) = -t**2 - 9*t + 4. Let y be l(c). Let m(f) = 2*f**2 + 42 - 20 - 2*f - 25 - 3*f. What is m(y)?
9
Let b be ((-16)/(-3) - 6)*3. Let w(m) = 4*m**2 + 7*m - 7. Let x(u) = u**2 + 2*u - 2. Let o(y) = b*w(y) + 9*x(y). Determine o(-5).
1
Suppose -22 = -2*d - 4*a, -4*d - 2*a + 225 = 211. Let y(t) = -45*t**3 + 9*t + 3. Let n(v) = 68*v**3 - 14*v - 5. Let g(m) = -5*n(m) - 8*y(m). What is g(d)?
19
Let t(f) = 10*f**3 + 1. Let l be ((-32)/(-6))/(5/3 + -2). Let j be 308*18/l*14/21. Let o be (-4)/(-22) - 7/(j/27). What is t(o)?
11
Let f(l) = l**3 + 8*l**2 + 8*l + 10. Let s(r) = -5*r**2 - 6*r**2 + 13*r**2 - r**2 - 5 - 20*r - 2. Let g be s(20). Determine f(g).
3
Let u(x) be the first derivative of -1/2*x**2 - 4*x - 61 + 1/4*x**4 + 2*x**3. Determine u(-6).
2
Let v(j) = 2. Let x(i) = -7*i - 4. Let s(o) = 6*o + 3. Let t(y) = -6*s(y) - 5*x(y). Let